ighest common divisor of 4399164 and 4312.
308
Calculate the greatest common divisor of 913 and 308394966.
913
What is the highest common factor of 548730 and 53937?
117
What is the greatest common factor of 26108780 and 40?
20
What is the greatest common divisor of 19022778 and 403?
31
What is the greatest common divisor of 17611 and 590392?
11
Calculate the highest common factor of 345441024 and 3456.
3456
What is the highest common factor of 948 and 605293576?
316
Calculate the greatest common factor of 40 and 20006408.
8
Calculate the greatest common divisor of 52 and 91958750.
26
What is the highest common factor of 1740 and 134116880?
580
What is the highest common divisor of 54929 and 18620?
931
What is the greatest common factor of 11986 and 24921199?
461
What is the greatest common divisor of 17407 and 722644?
169
Calculate the highest common divisor of 93317637 and 2121.
2121
Calculate the highest common factor of 97299 and 4801791.
1707
What is the highest common factor of 82212 and 34192938?
2418
Calculate the highest common divisor of 7236 and 62532.
108
Calculate the greatest common divisor of 15456681 and 432.
9
Calculate the highest common divisor of 216718230 and 240.
30
What is the highest common factor of 3255432 and 964752?
2424
Calculate the greatest common divisor of 3220842 and 62814.
2166
Calculate the highest common factor of 7 and 11716537.
7
What is the greatest common divisor of 7137030 and 150?
30
Calculate the highest common factor of 3734 and 5283128314.
3734
What is the greatest common factor of 1452 and 14863706?
22
Calculate the highest common factor of 1184 and 25892378.
74
What is the highest common factor of 550 and 19331650?
50
Calculate the greatest common factor of 4165 and 295120.
595
What is the highest common factor of 2 and 4583285?
1
Calculate the highest common factor of 494340 and 618156.
924
Calculate the highest common divisor of 11060 and 6066094.
158
Calculate the highest common divisor of 10087 and 3655162.
917
What is the greatest common factor of 64 and 59381504?
64
Calculate the highest common factor of 102789 and 48107439.
2187
Calculate the highest common divisor of 21 and 261136603.
7
Calculate the highest common divisor of 186416128 and 3584.
512
Calculate the greatest common factor of 387506 and 3827.
89
What is the highest common factor of 3555232 and 2651?
241
What is the highest common divisor of 83931260 and 9548?
868
What is the greatest common divisor of 30811935 and 2220?
555
What is the highest common factor of 1605350 and 6208?
194
What is the highest common factor of 49785339 and 190?
19
Calculate the greatest common factor of 2080 and 2851355.
65
What is the highest common divisor of 433 and 77468896?
433
Calculate the greatest common factor of 66357097 and 142.
71
What is the highest common factor of 24 and 555465784?
8
What is the greatest common divisor of 2181969 and 360?
9
What is the greatest common divisor of 60844650 and 592?
74
Calculate the greatest common factor of 584023635 and 15478.
7739
Calculate the highest common divisor of 55395306 and 3186.
54
Calculate the highest common factor of 1757322 and 22869.
189
What is the greatest common divisor of 588 and 110923680?
84
Calculate the greatest common divisor of 40318 and 2306614.
2122
What is the highest common factor of 3581067 and 529788?
2499
What is the highest common divisor of 49252 and 205072?
28
Calculate the highest common divisor of 11187 and 602403.
339
What is the greatest common divisor of 845 and 145778555?
845
What is the highest common factor of 388492012 and 20598?
6866
What is the greatest common divisor of 147693646 and 94?
94
What is the highest common divisor of 625 and 33000000?
625
What is the greatest common divisor of 11367130 and 570?
190
What is the greatest common factor of 6048 and 834813?
189
Calculate the greatest common factor of 444427410 and 21.
21
What is the greatest common divisor of 2691844 and 20?
4
Calculate the highest common factor of 186273158 and 706.
706
Calculate the highest common factor of 7084 and 37154292.
644
What is the greatest common divisor of 19858440 and 8?
8
What is the highest common divisor of 112 and 11696944?
112
What is the greatest common factor of 345465 and 155?
5
What is the highest common divisor of 28220310 and 2070?
2070
Calculate the highest common factor of 17806205 and 40.
5
What is the greatest common divisor of 891 and 5973?
33
Calculate the highest common divisor of 5295 and 1525.
5
What is the greatest common divisor of 2156 and 961664?
44
Calculate the highest common divisor of 728297 and 459.
17
Calculate the highest common divisor of 1179698 and 9227192.
7514
What is the highest common factor of 412 and 11548463?
103
Calculate the greatest common divisor of 648 and 21022944.
24
Calculate the greatest common divisor of 1479749 and 711.
79
Calculate the greatest common divisor of 454923 and 137448.
747
What is the highest common factor of 3866555 and 1003695?
4235
What is the greatest common divisor of 37211 and 6768007?
293
What is the greatest common divisor of 9893258 and 458?
458
What is the greatest common divisor of 1992 and 2348817?
249
Calculate the greatest common factor of 48 and 120519276.
12
What is the greatest common factor of 1071459 and 19125?
153
Calculate the highest common divisor of 1153812 and 55.
11
Calculate the greatest common divisor of 772027 and 5621853.
3401
What is the greatest common factor of 5396445 and 20?
5
What is the greatest common divisor of 39200425 and 275?
275
What is the greatest common factor of 43621 and 41992?
181
Calculate the highest common divisor of 16564 and 16002844.
404
What is the highest common divisor of 90041328 and 234?
234
What is the highest common factor of 2271 and 16504871?
757
Calculate the highest common factor of 374417 and 46.
23
Calculate the greatest common divisor of 1793937 and 68769.
849
Calculate the greatest common factor of 120431904 and 120984.
1704
Calculate the greatest common factor of 226287 and 423963.
2601
What is the greatest common divisor of 9371700 and 1430?
130
Calculate the highest common factor of 6076 and 606701.
31
Calculate the greatest common factor of 560 and 1023140.
20
Calculate the greatest common divisor of 99143 and 54791.
11
What is the highest common divisor of 380064 and 23902944?
10272
Calculate the highest common divisor of 5965272 and 594.
54
What is the highest common factor of 67643 and 931362?
391
Calculate the highest common factor of 129 and 104017.
43
Calculate the highest common factor of 30590048 and 144.
16
Calculate the highest common divisor of 6988797 and 1044.
261
Calculate the highest common factor of 6873 and 13764328.
2291
What is the highest common factor of 96937 and 4012?
59
Calculate the highest common divisor of 16 and 12244016.
16
Calculate the highest common divisor of 47993121 and 566.
283
What is the highest common factor of 26447400 and 1680?
840
What is the highest common factor of 59810 and 8390?
10
What is the highest common factor of 95779 and 198516?
71
What is the greatest common divisor of 721602 and 118818?
2898
Calculate the greatest common divisor of 1 and 71853036.
1
What is the greatest common factor of 325 and 9631258?
13
What is the highest common factor of 3 and 3186471?
3
What is the highest common factor of 1541386052 and 5484?
1828
Calculate the greatest common factor of 715 and 2906618.
143
Calculate the highest common divisor of 50005 and 4218915.
685
Calculate the greatest common factor of 139252796 and 892.
892
Calculate the greatest common factor of 89784420 and 55428.
1788
Calculate the highest common factor of 46692775 and 200.
25
Calculate the greatest common factor of 7287543 and 459.
459
Calculate the greatest common factor of 39 and 14268722.
13
What is the greatest common factor of 62816 and 45125444?
7852
What is the greatest common divisor of 13064216 and 132?
44
Calculate the greatest common factor of 254208854 and 2278.
2278
What is the highest common divisor of 16 and 1434544?
16
What is the highest common factor of 76288 and 58976?
32
Calculate the highest common factor of 42 and 38517934.
14
What is the greatest common divisor of 2501733 and 345?
69
Calculate the hig